{"id":5987,"date":"2015-06-24T18:34:45","date_gmt":"2015-06-24T16:34:45","guid":{"rendered":"https:\/\/archiviofficina48.it\/castelnovonemonti\/?page_id=5987"},"modified":"2015-06-30T12:05:38","modified_gmt":"2015-06-30T10:05:38","slug":"barriere-architettoniche","status":"publish","type":"page","link":"https:\/\/archiviofficina48.it\/castelnovonemonti\/comune\/uffici-e-sportelli-comunali\/barriere-architettoniche\/","title":{"rendered":"Barriere architettoniche"},"content":{"rendered":"<h2 class=\"primopiano\">IL SUPERAMENTO E L&#8217;ELIMINAZIONE DELLE BARRIERE ARCHITETTONICHE<\/h2>\n<h4 class=\"sottotitolo\">Protocollo operativo per la concessione di contributo per il superamento e l&#8217;eliminazione delle barriere architettoniche negli edifici privati, ai sensi della l. 9 gennaio 1989, n. 13<\/h4>\n<div class=\"testo_descrizione\">\n<div>Linee guida operative da applicare per la concessione del contributo.<br \/>\nOgni cittadino che richiede il contributo per il superamento e l&#8217;eliminazione delle barriere architettoniche negli edifici privati, dovr\u00e0 recarsi presso il Settore Sicurezza Sociale e ritirare l&#8217;apposita modulistica ( allegato A), che dovr\u00e0 essere presentata in marca da bollo in comune entro il 1 marzo di ciascun anno con allegata la seguente documentazione:<\/div>\n<ul>\n<li>Certificato medico in carta libera attestante l&#8217;handicap;<\/li>\n<li>Certificato AUSL (o fotocopia) attestante l&#8217;invalidit\u00e0 totale con difficolt\u00e0 di deambulazione;<\/li>\n<li>Fotocopia di un documento di riconoscimento, non scaduto, se il richiedente non firma davanti all&#8217;incaricato del comune;<\/li>\n<\/ul>\n<div>In seguito alla formalizzazione della richiesta, il Settore Sicurezza Sociale, dopo aver verificato che il richiedente sia residente nell&#8217;immobile in cui intende realizzare le opere descritte, ovvero, vi abbia la dimora abituale si occuper\u00e0 di fa pervenire al Settore Uso e Assetto del Territorio, in giornata, o immediatamente il giorno dopo, la richiesta per la verifica dei seguenti requisiti:<br \/>\n&#8211; Verifica in loco che le opere non sono gi\u00e0 esistenti o in corso di esecuzione;<br \/>\n&#8211; Verifica che le opere per le quali il cittadino richiede il contributo siano in conformit\u00e0 con quanto previsto agli artt. 1-2-3-4-5-6-e 7 della L. 13\/98;<br \/>\nIn seguito alle verifiche, che dovranno essere definite entro 3 gg., il Settore Uso e Assetto del Territorio rilascer\u00e0 un parere sul modulo di domanda e avr\u00e0 cura di far pervenire la richiesta all&#8217;Ufficio Sicurezza Sociale che provveder\u00e0 a completare l&#8217;iter per la richiesta di contributi in Regione.<br \/>\nQualora vengano riscontrati elementi di non conformit\u00e0 da parte del tecnico del Settore Uso e Assetto del Territorio, il funzionario del Settore Sicurezza Sociale provveder\u00e0 a segnalare all&#8217;interessato gli aspetti problematici.<br \/>\nEntro 30 gg. dall&#8217;erogazione del contributo da parte della Regione il settore sicurezza sociale provveder\u00e0:<br \/>\n&#8211; alla verifica della conclusione dei lavori tramite la richiesta delle fatture debitamente quietanzate; (il richiedente ha pertanto l&#8217;onere di comunicare al funzionario o responsabile la conclusione dei lavori con trasmissione delle fatture)<br \/>\nentro 15 giorni dalla presentazione delle fatture provveder\u00e0 all&#8217;erogazione del contributo, dandone comunicazione al richiedente ed all&#8217;avente diritto.<\/div>\n<\/div>\n<div><\/div>\n<div><\/div>\n<div><\/div>\n<div><\/div>\n<div><\/div>\n<div><\/div>\n<div><\/div>\n<div>\n&nbsp;<br \/>\n&nbsp;<\/p>\n<hr \/>\n<h5>\u00a0UFFICIO: &gt;&gt; SPORTELLO UNICO DELL&#8217;EDILIZIA<\/h5>\n<p><strong>Referenti<\/strong>: Daniele Corradini 0522 610225- Moreno Manfredi Tel. 0522 610235 Marta Maroni Tel. 0522 610223 &#8211; Annachiara Deangeli Tel. 0522 610246<br \/>\n<strong>E-mail<\/strong>: <a href=\"mailto:edilizia@archiviofficina48.it\">edilizia@archiviofficina48.it<\/a><br \/>\n<strong>Ricevimento al pubblico<\/strong>: L&#8217;ufficio e&#8217; aperto al pubblico tutti i giorni dal Lunedi&#8217; al Sabato dalle 8.00 alle 13.00 e il Martedi&#8217; pomeriggio anche dalle 15.00 alle 16.00.<br \/>\n<b>Daniele Corradini riceve<\/b>: il Lunedi&#8217; e il Mercoled\u00ec previo appuntamento.<br \/>\n<b>Moreno Manfredi riceve: <\/b>il Luned\u00ec e il Gioved\u00ec dalle 9.00 alle 13.00<\/p>\n<hr \/>\n<\/div>\n","protected":false},"excerpt":{"rendered":"<p>IL SUPERAMENTO E L&#8217;ELIMINAZIONE DELLE BARRIERE ARCHITETTONICHE Protocollo operativo per la concessione di contributo per il superamento e l&#8217;eliminazione delle barriere architettoniche negli edifici privati, ai sensi della l. 9 gennaio 1989, n. 13 Linee guida operative da applicare per la concessione del contributo. Ogni cittadino che richiede il contributo per il superamento e l&#8217;eliminazione&#8230;<\/p>\n","protected":false},"author":3,"featured_media":0,"parent":4437,"menu_order":0,"comment_status":"closed","ping_status":"closed","template":"template-leftsidebar.php","meta":{"footnotes":""},"class_list":["post-5987","page","type-page","status-publish","hentry"],"_links":{"self":[{"href":"https:\/\/archiviofficina48.it\/castelnovonemonti\/wp-json\/wp\/v2\/pages\/5987","targetHints":{"allow":["GET"]}}],"collection":[{"href":"https:\/\/archiviofficina48.it\/castelnovonemonti\/wp-json\/wp\/v2\/pages"}],"about":[{"href":"https:\/\/archiviofficina48.it\/castelnovonemonti\/wp-json\/wp\/v2\/types\/page"}],"author":[{"embeddable":true,"href":"https:\/\/archiviofficina48.it\/castelnovonemonti\/wp-json\/wp\/v2\/users\/3"}],"replies":[{"embeddable":true,"href":"https:\/\/archiviofficina48.it\/castelnovonemonti\/wp-json\/wp\/v2\/comments?post=5987"}],"version-history":[{"count":5,"href":"https:\/\/archiviofficina48.it\/castelnovonemonti\/wp-json\/wp\/v2\/pages\/5987\/revisions"}],"predecessor-version":[{"id":5993,"href":"https:\/\/archiviofficina48.it\/castelnovonemonti\/wp-json\/wp\/v2\/pages\/5987\/revisions\/5993"}],"up":[{"embeddable":true,"href":"https:\/\/archiviofficina48.it\/castelnovonemonti\/wp-json\/wp\/v2\/pages\/4437"}],"wp:attachment":[{"href":"https:\/\/archiviofficina48.it\/castelnovonemonti\/wp-json\/wp\/v2\/media?parent=5987"}],"curies":[{"name":"wp","href":"https:\/\/api.w.org\/{rel}","templated":true}]}}